{"id":1823,"date":"2016-12-06T09:38:08","date_gmt":"2016-12-06T08:38:08","guid":{"rendered":"https:\/\/coach.geton-training.de\/?page_id=1823"},"modified":"2025-04-08T11:48:39","modified_gmt":"2025-04-08T09:48:39","slug":"datenschutz","status":"publish","type":"page","link":"https:\/\/coach.geton-training.de\/?page_id=1823","title":{"rendered":"Datenschutz"},"content":{"rendered":"<h1>Datenschutz<\/h1>\r\n<h2>Allgemeine Hinweise<\/h2>\r\n<p>Diese Datenschutzerkl\u00e4rung erl\u00e4utert, wie wir, die Leuphana Universit\u00e4t L\u00fcneburg, im Rahmen einer Teilnahme an Online-Trainings der Abteilung Gesundheitspsychologie und Angewandte Biologische Psychologie auf dieser Seite Ihre personenbezogenen Daten verarbeiten. Die Nutzung eines Online-Trainings ist nur im Rahmen der Teilnahme an einer wissenschaftlichen Studie m\u00f6glich, f\u00fcr die wir Ihr Einverst\u00e4ndnis zur Datenverarbeitung ben\u00f6tigen. Sofern Sie \u00fcber Zugangsdaten zu einem Training auf dieser Seite verf\u00fcgen, haben Sie Ihr Einverst\u00e4ndnis bereits erteilt.\r\nZiel dieser Seite ist die Bereitstellung von Online-Trainings zum Zwecke einer wissenschaftlichen Untersuchung. Zur Erf\u00fcllung des Projektziels werden im Rahmen eines Content-Management-Systems (WordPress) sowie einer Fragebogenplattform (Limesurvey) Daten zur Gesundheit erfasst. Des Weiteren sieht das zu untersuchende Online-Training eine regelm\u00e4\u00dfige Korrespondenz per E-Mail zwischen dem Studienteam und den Studienteilnehmenden vor. W\u00e4hrend der Studienlaufzeit werden die E-Mail-Adressen der Studienteilnehmenden mit einem eindeutigen Code verkn\u00fcpft und in einer Tabelle (MS-Excel) auf einem Server der Universit\u00e4t L\u00fcneburg gespeichert.<\/p>\r\n<h2>1. Datenschutz<\/h2>\r\n<p>Die Verarbeitung der personenbezogenen Daten erfolgt ausschlie\u00dflich auf der Grundlage der einschl\u00e4gigen Gesetze und findet nur zu den unter Nr. 5 genannten Zwecken statt. Die Daten werden nur nach den Vorgaben dieser Datenschutzerkl\u00e4rung verarbeitet.<\/p>\r\n<h2>2. Ihre Rechte<\/h2>\r\n<p>Im entsprechenden rechtlichen Rahmen haben Sie folgende Rechte im Hinblick auf Ihre personenbezogenen Daten, sofern diese nicht durch \u00a7 27 Abs. 2 BDSG im Rahmen der Datenverarbeitung zu wissenschaftlichen Forschungszwecken eingeschr\u00e4nkt sind. Dazu geh\u00f6ren:<\/p>\r\n<ul>\r\n \t<li>Auskunft \u00fcber die Verarbeitung Ihrer personenbezogenen Daten,<\/li>\r\n \t<li>Berichtigung Ihrer personenbezogenen Daten,<\/li>\r\n \t<li>L\u00f6schung Ihrer personenbezogenen Daten,<\/li>\r\n \t<li>Einschr\u00e4nkung der Verarbeitung Ihrer personenbezogenen Daten,<\/li>\r\n \t<li>Der Verarbeitung Ihrer personenbezogenen Daten zu widersprechen,<\/li>\r\n \t<li>Die Einwilligung zur Verarbeitung zu widerrufen,<\/li>\r\n \t<li>Personenbezogene Daten in einem strukturierten g\u00e4ngigen elektronischen Format zu erhalten oder an einen Dritten \u00fcbermitteln zu lassen (Recht auf Daten\u00fcbertragbarkeit) und<\/li>\r\n \t<li>bei einer Datenschutzbeh\u00f6rde Beschwerde einzulegen oder sich an den betrieblichen Datenschutzbeauftragten der Leuphana Universit\u00e4t L\u00fcneburg zu wenden, etwa per E-Mail an <a href=\"mailto:datenschutz@leuphana.de\">datenschutz@leuphana.de<\/a>.<\/li>\r\n<\/ul>\r\n<p>\r\nZur Wahrung Ihrer Rechte (auch aus Nr. 1) k\u00f6nnen sie sich in Schrift- oder Textform an folgende Adresse wenden:\r\n\r\nE-Mail: coach@leuphana.de\r\n\r\nLeuphana Universit\u00e4t L\u00fcneburg\r\n\r\nUniversit\u00e4tsallee 1\r\n\r\n21335 L\u00fcneburg\r\n<\/p>\r\n<h2>3. Verantwortliche Stelle<\/h2>\r\n<p>Die f\u00fcr die Datenverarbeitung verantwortliche Stelle ist:\r\n\r\nLeuphana Universit\u00e4t L\u00fcneburg\r\n\r\nUniversit\u00e4tsallee 1\r\n\r\n21335 L\u00fcneburg\r\n<\/p>\r\n<h2>4. Datenerfassung<\/h2>\r\n<p>Bei der Nutzung dieser Homepage werden folgende Daten zur Erf\u00fcllung der vertraglichen und gesetzlichen Regelungen folgende Datenkategorien: erhoben, gespeichert und verarbeitet:<\/p>\r\n<ul>\r\n \t<li>Benutzername, Passwort und E-Mail-Adresse der Trainingsteilnehmer, ggf. zus\u00e4tzlich eine interne Teilnehmer-ID<\/li>\r\n \t<li>Eingaben, die bei der Bearbeitung von \u00dcbungen im Training vorgenommen werden (i.e. durch Anklicken von Optionsfeldern, Checkboxen und Texteingaben)<\/li>\r\n \t<li>Inhalte aus E-Mails und Nachrichten, die zwischen Trainingsteilnehmer und Mitarbeitern der Abteilung Gesundheitspsychologie und Angewandte Biologische Psychologie der Leuphana Universit\u00e4t L\u00fcneburg ausgetauscht werden (z. B. im Rahmen des technischen Supports oder im Rahmen eines E-Coachings)<\/li>\r\n \t<li>ggf. Fragebogendaten (i.e. gesundheitsbezogene Daten), die der Pr\u00fcfung der Erf\u00fcllung der Einschlusskriterien der Studie und der Evaluation des Trainings dienen<\/li>\r\n \t<li>Detaillog: Zugriff, User-Agent, IP, http, Status, Datumsstempel, Zeitnahmen<\/li>\r\n<\/ul>\r\n<p>\r\nDiese Daten werden vertraulich behandelt und ausschlie\u00dflich f\u00fcr wissenschaftliche Zwecke verwendet. Eine ausf\u00fchrliche Beschreibung finden Sie unter Nr. 5.\r\nDie Bereitstellung einer E-Mail-Adresse ist n\u00f6tig, um an der Studie teilnehmen zu k\u00f6nnen. Die Studienteilnehmenden haben jedoch die M\u00f6glichkeit, sich vorab eine anonyme E-Mail-Adresse anzulegen, die keine R\u00fcckschl\u00fcsse auf ihren Namen zul\u00e4sst.\r\n<\/p>\r\n<h2>5. Zweck der Datenverarbeitung<\/h2>\r\n<p>Die Abteilung f\u00fcr Gesundheitspsychologie und Angewandte Biologische Psychologie der Leuphana Universit\u00e4t L\u00fcneburg verarbeitet die in Nr. 4 genannten Daten. Teilnehmer-ID, Passwort und E-Mail-Adresse werden ben\u00f6tigt, um das Projektziel, i. e. die Nutzung der Online-Plattform, zu erf\u00fcllen. Texte, die Teilnehmenden innerhalb der Trainings erstellen, werden gespeichert, um das Projektziel, i. e. die M\u00f6glichkeit zur Nutzung der Online-Trainings und ggf. den Erhalt eines schriftlichen E-Mail-Feedbacks durch einen eCoach, zu erf\u00fcllen. Die Studienteilnehmenden k\u00f6nnen diese Daten jederzeit selbstst\u00e4ndig l\u00f6schen. Inhalte aus der E-Mail-Korrespondenz dienen dem technischen Support und der Erf\u00fcllung des Projektziels, i. e. ggf. eCoaching, Studienadministration, Beantwortung von Fragen im Laufe der Trainingsteilnahme. Fragebogendaten werden erhoben, um eine wissenschaftliche Evaluation der Wirksamkeit des Trainings vornehmen zu k\u00f6nnen. Teilnehmer-ID und E-Mail-Adresse werden ben\u00f6tigt, um zu mehreren Zeitpunkten Fragebogendaten erheben zu k\u00f6nnen. Die Studienteilnehmenden k\u00f6nnen jederzeit w\u00e4hrend und nach der Studienteilnahme ohne Angabe von Gr\u00fcnden und ohne dass ihnen dadurch Nachteile entstehen eine L\u00f6schung ihrer Fragebogendaten beantragen. Sollten Teilnehmende von der Studie zur\u00fccktreten wollen, k\u00f6nnen Sie entscheiden, ob die bereits vorliegenden Daten gel\u00f6scht werden sollen oder weiterverwendet werden d\u00fcrfen.<\/p>\r\n<h2>6. Daten\u00fcbermittlung<\/h2>\r\n<p>Eine Daten\u00fcbermittlung von nicht-anonymisierten Daten an Dritte findet nicht statt und ist auch nicht geplant.<\/p>\r\n<h2>7. Daten\u00fcbermittlung in ein Drittland<\/h2>\r\n<p>Eine Daten\u00fcbermittlung von nicht-anonymisierten Daten in Drittl\u00e4nder findet nicht statt und ist auch nicht geplant.<\/p>\r\n<h2>8. L\u00f6schfristen<\/h2>\r\n<p>Die Daten werden nach Ablauf der Studie, in deren Rahmen die Daten erhoben wurden, anonymisiert und dauerhaft gespeichert. Erfasste personenbezogene Daten aus der E-Mail und Telefonkommunikation werden nach Ablauf der Studie vernichtet. W\u00e4hrend der Studienlaufzeit haben die Studienteilnehmer jederzeit die M\u00f6glichkeit, eine L\u00f6schung Ihrer E-Mail- und Telefonkommunikation mit dem Studienteam zu beantragen. Sie haben jederzeit das Recht, ihr Benutzerkonto zum Online-Training inklusive aller auf der Trainingsplattform eingegebenen Daten zu l\u00f6schen. Davon ausgeschlossen sind die per E-Mail und Post zugesandten Einverst\u00e4ndniserkl\u00e4rungen. Diese werden nach Ablauf der Studie dauerhaft gespeichert.<\/p>\r\n<h2>9. Hosting<\/h2>\r\n<p>Die Server der Abteilung f\u00fcr Gesundheitspsychologie der Leuphana Universit\u00e4t L\u00fcneburg stehen ausschlie\u00dflich in Deutschland, somit unterliegt das Institut nicht dem amerikanischen PATRIOT act. Die Registrierung zu dieser Studie erfolgt \u00fcber einen Webserver der Leuphana Universit\u00e4t L\u00fcneburg. Die Kommunikation mit dem Server und die \u00dcbertragung der Kontaktinformationen (E-Mail-Adresse und Teilnahmewunsch) erfolgen \u00fcber SSL-, bzw. TLS-verschl\u00fcsselte Verbindungen. Die Informationen werden in einer MySQL-Datenbank gespeichert. Der direkte Zugriff auf die Datenbank ist auf den Systemadministrator und ausgew\u00e4hlte Projektmitarbeiter beschr\u00e4nkt und mit einem Passwort gesichert.\r\nDie Coaching-Plattform setzt auf dem Content Management System (CMS) WordPress auf und ist auf einem virtuellen Ubuntu-Server der Leuphana Universit\u00e4t L\u00fcneburg gehostet. Die Kommunikation mit dem System erfolgt \u00fcber SSL-, bzw. TLS-verschl\u00fcsselte Verbindungen.\r\nDas Umfragesystem basiert auf dem quelloffenen Umfragetool \u201eLimesurvey\u201c und wird auf Servern der Leuphana Universit\u00e4t L\u00fcneburg gehostet. Die Kommunikation mit dem System erfolgt auch hier \u00fcber SSL-, bzw. TLS-verschl\u00fcsselte Verbindungen. Im Limesurvey-System werden die Daten in Form von E-Mail-Adresse zu IP-Adresse (Protokollierung des Teilnahmeeinverst\u00e4ndnisses) und Fragebogendaten (siehe Punkt 9) gespeichert. Die Zuordnung von E-Mail-Adressen zu Personen wird insofern erschwert, dass die Teilnehmer ermutigt werden, f\u00fcr die Teilnahme an der Studie eine E-Mail-Adresse zu erstellen oder zu verwenden, die keine R\u00fcckschl\u00fcsse auf ihre Person zul\u00e4sst.\r\nZur gemeinsamen Arbeit am Projekt sowie im Speziellen zum Austausch von Dateien dient das System \u201eMydrive.Leuphana\u201c, welches auf Servern des Rechenzentrums der Leuphana Universit\u00e4t in L\u00fcneburg gehostet wird und dort sowohl physikalisch als auch netzwerktechnisch besonders gesichert wird. Alle \u00dcbertragungen erfolgen verschl\u00fcsselt mittels AES. Der Zugriff auf die myDrive Webseite ist mittels SSL abgesichert. Diese Standards werden z.B. auch bei Banken eingesetzt, um deren Daten und die der Kunden zu sch\u00fctzen. Die Server f\u00fcr den Dienst werden im eigenen Rechenzentrum der Leuphana Universit\u00e4t L\u00fcneburg betrieben und sind sowohl physikalisch als auch netzwerktechnisch besonders gesichert.\r\nDer Mailverkehr in Bezug auf das Projekt l\u00e4uft ausschlie\u00dflich \u00fcber die dienstlichen Leuphana-Adressen der Projektbeteiligten. Die Mails werden sowohl auf den Servern der Leuphana Universit\u00e4t L\u00fcneburg als auch in verschl\u00fcsselten Form auf den Arbeitscomputern der Projektbeteiligten gespeichert. Die Kommunikation mit dem System erfolgt auch hier \u00fcber SSL-, bzw. TLS-verschl\u00fcsselte Verbindungen.<\/p>\r\n<p>Hier finden Sie die Kontaktdaten des Datenschutzbeauftragten der Leuphana Universit\u00e4t L\u00fcneburg:\r\n<\\br>\r\nThies Ove Plath\r\nUniversit\u00e4tsallee 1\r\n21335 L\u00fcneburg\r\nFon +49.4131.677-1557\r\nE-Mail: datenschutz@leuphana.de\r\n<\/p>\r\n<p>Sehen betroffene Personen beim Umgang mit ihren personenbezogenen Daten ihre Rechte nicht in vollem Umfang gewahrt, haben sie das Recht bei der f\u00fcr sie zust\u00e4ndigen Aufsichtsbeh\u00f6rde Beschwerde einzureichen.<\/p>\r\n<h2>10. Einsatz von Matomo<\/h2>\r\n<p>Auf dieser Website werden unter Einsatz der Webanalysedienst-Software Matomo (www.matomo.org) auf Basis unseres berechtigten Interesses an der statistischen Analyse des Nutzerverhaltens zu Optimierungs- und Marketingzwecken gem\u00e4\u00df Art. 6 Abs. 1 lit. f DSGVO Daten gesammelt und gespeichert. Aus diesen Daten k\u00f6nnen zum selben Zweck pseudonymisierte Nutzungsprofile erstellt und ausgewertet werden. Hierzu k\u00f6nnen Cookies eingesetzt werden. Bei Cookies handelt es sich um kleine Textdateien, die lokal im Zwischenspeicher des Internet-Browsers des Seitenbesuchers gespeichert werden. Die Cookies erm\u00f6glichen unter anderem die Wiedererkennung des Internet-Browsers. Die mit der Matomo-Technologie erhobenen Daten (einschlie\u00dflich Ihrer pseudonymisierten IP-Adresse) werden auf unseren Servern verarbeitet. Die durch das Cookie erzeugten Informationen im pseudonymen Nutzerprofil werden nicht dazu benutzt, den Besucher dieser Website pers\u00f6nlich zu identifizieren und nicht mit personenbezogenen Daten \u00fcber den Tr\u00e4ger des Pseudonyms zusammengef\u00fchrt. Wenn Sie mit der Speicherung und Auswertung dieser Daten aus Ihrem Besuch nicht einverstanden sind, dann k\u00f6nnen Sie der Speicherung und Nutzung nachfolgend per Mausklick jederzeit widersprechen. In diesem Fall wird in Ihrem Browser ein sog. Opt-Out-Cookie abgelegt, was zur Folge hat, dass Matomo keinerlei Sitzungsdaten erhebt. Bitte beachten Sie, dass die vollst\u00e4ndige L\u00f6schung Ihrer Cookies zur Folge hat, dass auch das Opt-Out-Cookie gel\u00f6scht wird und ggf. von Ihnen erneut aktiviert werden muss.           \r\n<\/br>\r\n <iframe style=\"border: 0; height: 200px; width: 600px;\" src=\"https:\/\/www.stresspraevention-im-betrieb.de\/matomo\/index.php?module=CoreAdminHome&amp;action=optOut&amp;language=de&amp;backgroundColor=&amp;fontColor=666666&amp;fontSize=&amp;fontFamily=sans-serif\"><\/iframe>\r\n<h2>An wen k\u00f6nnen Sie sich bei Fragen wenden?<\/h2>\r\n<p>F\u00fcr Fragen und Anregungen steht Ihnen das Team der Abteilung Gesundheitspsychologie und Angewandte Biologische Psychologie der Leuphana Universit\u00e4t L\u00fcneburg gerne per E-Mail unter coach@leuphana.de zur Verf\u00fcgung.<\/p><div class=\"modal fade\" id=\"inactive-modal\" data-userlogged =\"0\"  role=\"dialog\" aria-labelledby=\"inactive-modal-label\"\n    aria-hidden=\"true\" hidden style=\"overflow: auto;\">\n    <div class=\"modal-dialog modal-lg modal-dialog-centered\" role=\"document\">\n        <div class=\"modal-content\">\n            <div class=\"modal-header\">\n                <h3 class=\"modal-title\" id=\"inactive-modal-title-label\">Zeit\u00fcberschreitung der Browsersitzung<\/h3>\n                <button type=\"button\" class=\"close\" data-dismiss=\"modal\" aria-label=\"Close\">\n                    <span aria-hidden=\"true\">&times;<\/span>\n                <\/button>\n            <\/div>\n            <div class=\"modal-body\">\n              <p class=\"mb-0\">Sie haben das System l\u00e4ngere Zeit nicht mehr genutzt. Aus Sicherheitsgr\u00fcnden werden Sie automatisch aus dem System abgemeldet.\n              <\/p>\n            <\/div>\n            <div class=\"modal-footer\">\n                    <button type=\"button\" class=\"btn btn-secondary mr-auto\" data-dismiss=\"modal\" style=\"float: left;\">Abbrechen<\/button>\n                    <button id=\"continue-session\" type=\"button\" class=\"btn btn-primary\" data-dismiss=\"modal\">Sitzung fortsetzen <span class=\"countdown\"><\/span><\/button>\n            <\/div>\n        <\/div>\n    <\/div>\n<\/div>\n\n\n<div class=\"modal fade\" id=\"logged-out-modal\" role=\"dialog\" aria-labelledby=\"logged-out-modal-label\"\n    aria-hidden=\"true\" hidden style=\"overflow: auto;\">\n    <div class=\"modal-dialog modal-lg modal-dialog-centered\" role=\"document\">\n        <div class=\"modal-content\">\n            <div class=\"modal-header\">\n                <h3 class=\"modal-title\" id=\"logged-out-modal-title-label\">Zeit\u00fcberschreitung der Browsersitzung<\/h3>\n                <button type=\"button\" class=\"close\" data-dismiss=\"modal\" aria-label=\"Close\">\n                    <span aria-hidden=\"true\">&times;<\/span>\n                <\/button>\n            <\/div>\n            <div class=\"modal-body\">\n              <p class=\"mb-0\">Sie haben das System l\u00e4ngere Zeit nicht mehr genutzt. Zu Ihrer eigenen Sicherheit wurden Sie daher automatisch aus dem System abgemeldet.\n              <\/p>\n            <\/div>\n            <div class=\"modal-footer\">\n                <a id=\"continue-session-done\" href=\"https:\/\/coach.geton-training.de\" role=\"button\" class=\"btn btn-primary\">Zur Startseite<\/a>\n            <\/div>\n        <\/div>\n    <\/div>\n<\/div> ","protected":false},"excerpt":{"rendered":"Datenschutz Allgemeine Hinweise Diese Datenschutzerkl\u00e4rung erl\u00e4utert, wie wir, die Leuphana Universit\u00e4t L\u00fcneburg, im Rahmen einer Teilnahme an Online-Trainings der Abteilung Gesundheitspsychologie und Angewandte Biologische Psychologie auf dieser Seite Ihre personenbezogenen Daten verarbeiten. Die Nutzung eines Online-Trainings ist nur im Rahmen der Teilnahme an einer wissenschaftlichen Studie m\u00f6glich, f\u00fcr die wir Ihr Einverst\u00e4ndnis zur Datenverarbeitung ben\u00f6tigen.&hellip;","protected":false},"author":2,"featured_media":0,"parent":0,"menu_order":0,"comment_status":"closed","ping_status":"closed","template":"","meta":{"_acf_changed":false,"footnotes":""},"class_list":["post-1823","page","type-page","status-publish","hentry"],"acf":[],"_links":{"self":[{"href":"https:\/\/coach.geton-training.de\/index.php?rest_route=\/wp\/v2\/pages\/1823","targetHints":{"allow":["GET"]}}],"collection":[{"href":"https:\/\/coach.geton-training.de\/index.php?rest_route=\/wp\/v2\/pages"}],"about":[{"href":"https:\/\/coach.geton-training.de\/index.php?rest_route=\/wp\/v2\/types\/page"}],"author":[{"embeddable":true,"href":"https:\/\/coach.geton-training.de\/index.php?rest_route=\/wp\/v2\/users\/2"}],"replies":[{"embeddable":true,"href":"https:\/\/coach.geton-training.de\/index.php?rest_route=%2Fwp%2Fv2%2Fcomments&post=1823"}],"version-history":[{"count":23,"href":"https:\/\/coach.geton-training.de\/index.php?rest_route=\/wp\/v2\/pages\/1823\/revisions"}],"predecessor-version":[{"id":81153,"href":"https:\/\/coach.geton-training.de\/index.php?rest_route=\/wp\/v2\/pages\/1823\/revisions\/81153"}],"wp:attachment":[{"href":"https:\/\/coach.geton-training.de\/index.php?rest_route=%2Fwp%2Fv2%2Fmedia&parent=1823"}],"curies":[{"name":"wp","href":"https:\/\/api.w.org\/{rel}","templated":true}]}}